*q - 5*q**2. Calculate u(6).
4
Let j(w) = -163 + 38 + 42 + w**3 + 46 - 5*w**2 + 45. Determine j(5).
8
Let c(w) = w**3 - w**2 + w + 1. Let r be c(-1). Let a(n) = -2*n - 1. Give a(r).
3
Let d(r) = 11*r**3 + 10*r**2 + 11. Let q(c) = -9*c**3 - 9*c**2 + c - 10. Let w(y) = 5*d(y) + 6*q(y). What is w(2)?
-1
Let u(w) be the first derivative of -w**3/3 + 9*w**2 - 14*w + 764. Determine u(13).
51
Let b(q) = q**2 + 5*q - 9. Let s be 46/6 - 9/(-27). Let m(r) = r**3 - 7*r**2 - 7*r - 2. Let o be m(s). Suppose 3*y = o*y + 21. Calculate b(y).
5
Let g(u) = -5*u**3 + 4*u**2 - 2*u + 6. Let b(w) = 7*w**3 - 3*w**2 + 3*w - 7. Let s(j) = -3*b(j) - 4*g(j). Let x = 15 - 22. Determine s(x).
4
Let u(n) = 6*n - 3*n - 4*n - n**3. Let k(g) = -3*g**3 + 2*g**2 + g - 1. Let v(y) = k(y) - 2*u(y). Let t be 18/4*18*14/378. Calculate v(t).
-1
Let k = 21281 + -21276. Let w(f) = -4*f**3 + 5*f**2 - 2*f + 2. Let m(p) = -1 - p**2 + 3*p**3 - 4*p**2 + 0*p**3 + p. Let l(n) = 3*m(n) + 2*w(n). What is l(k)?
-4
Let q(n) = 352*n - 706*n - n**3 + 352*n + 2*n**2 + 1. Give q(2).
-3
Let q(l) = 4*l**3 - l**2 - 2*l + 2. Let n be -2 - (2 - (-3 - -8)). Let d be q(n). Let i(k) = -1 - 1 - 4*k + d*k + 3. Give i(-4).
5
Let y(l) = 2 + 17*l - 10 + 9. Determine y(1).
18
Let s be (15/12)/(7/(-4) + 2). Let j(q) = 6 + s + 7 - q. Determine j(0).
18
Let a(z) = z**2 + 3*z + 4. Suppose 0 = -249*l + 247*l - 8. What is a(l)?
8
Let v(k) = -k - 552 - 543 - 545 + 1642. Suppose -4*x = 3*q - 2*x - 21, -2*q + x = -7. What is v(q)?
-3
Let w(k) = -k**3 - 20*k**2. Suppose -82*p + 80*p = 40. Let v be w(p). Let x(g) = -g + 23. What is x(v)?
23
Let t = 7 - -4. Let b = t - 10. Let v(u) = -4 + 2*u + b + 4. Determine v(3).
7
Let y(m) = -m**3 - 10*m**2 + 2*m + 15. Let w be y(-10). Let n(j) = j**2 - j + 5. Let i(v) = -2*v**2 + 3*v - 11. Let f(l) = 6*i(l) + 13*n(l). Determine f(w).
-1
Suppose 0 = -5*p + u + 64, 4*u + 6 = 5*p - 55. Let s(a) = a**2 - 15*a + 20. Calculate s(p).
-6
Let c(a) = -5*a**3 + a**2 - a - 1. Let r be 0*(4 + -2 + 7/(-4)). Suppose r = -0*o - 4*o + 2*n, n + 2 = 0. What is c(o)?
6
Let f(t) be the second derivative of 5*t**3/6 - t**2/2 - 10*t. Suppose j + 5*d - 27 = 0, -5*j - 2*d = -0*j - 20. Calculate f(j).
9
Let g(s) = 16*s + 14*s**2 - s**2 - s**3 - 6*s**2 - 6*s - 12. Give g(8).
4
Let x(m) be the third derivative of -m**6/120 - m**5/20 + m**4/6 + 5*m**3/6 + 28*m**2. Suppose 2*g + 5*i = -28, 5*i - 4 = 6*i. Give x(g).
5
Let h be 16/((-2)/(-3)*(9 - 6)). Let o(x) = x**3 - 9*x**2 + 8*x - 1. What is o(h)?
-1
Let p(u) = -2*u**2 + 17*u + 30. Let d(n) = -n**2 + 16*n + 36. Let k(x) = 3*d(x) - 2*p(x). Determine k(-9).
3
Let c(m) be the second derivative of m**3/3 + 21*m**2/2 + 43*m. Give c(-9).
3
Suppose i + 6*d - 4 = 4*d, -4*d + 12 = 4*i. Let l(c) be the first derivative of c - 6 + 1/2*c**2 + i*c**3. Give l(-1).
6
Let p = 249 + -233. Let g(o) = o**3 - 15*o**2 - 16*o + 5. Give g(p).
5
Let x(n) = -6*n - 7. Let k be x(-5). Let b(i) = -k + 2*i + i + 22. Give b(1).
2
Let f(g) be the first derivative of -g**4/4 - 7*g**3/3 - 11*g**2/2 - 3*g - 42. Determine f(-3).
-6
Let j be 6/(-63) - (-498)/(-63). Let y(z) = z**3 + 8*z**2 - z + 10. Give y(j).
18
Let w(z) = -26*z**2 + z. Suppose 4*r = -16, -12*r = 5*x - 14*r - 13. Give w(x).
-25
Let a(i) be the second derivative of 6*i + 0*i**2 - 1/720*i**6 + 1/40*i**5 + 0*i**3 + 1/12*i**4 + 0. Let y(l) be the third derivative of a(l). Calculate y(5).
-2
Let b(q) = -1846 + 1886 + 2*q + 4*q - q. Calculate b(-8).
0
Suppose 11*b - 11 = -0*b. Let x(o) = 7*o + 1. Give x(b).
8
Let l = -82 + 89. Suppose 2 = l*k - 26. Let y(g) be the first derivative of g**3/3 - 3*g**2/2 + 1. What is y(k)?
4
Let z be (-1)/3 - (-26)/(-3). Let a be z/(-3) + (-8)/2. Let q(h) be the first derivative of -7*h**3/3 - h - 1. Determine q(a).
-8
Let k(g) = -g. Let j be k(-2). Suppose -j*o + 0 = 2. Let s be (0 - -5 - 3)*o. Let q(b) = -2*b**2 - b. What is q(s)?
-6
Let i(a) = a**2 + 6*a - 1. Let p be i(-4). Let w(t) = 663 - 5*t + 6*t - t - t - 676. Calculate w(p).
-4
Let u(c) be the second derivative of c**5/10 - c**2 - 152*c. What is u(2)?
14
Suppose -10*g + 6*g + 56 = 0. Suppose -5*j + 9 = -3*s + 38, 0 = -5*j + 5*s - 25. Let q = j + g. Let v(a) = -a**3 + 6*a**2 + 8*a - 5. Determine v(q).
2
Suppose -12*n - 8 = -14*n. Let v(x) = -5*x + 4. Let z(t) = 6*t - 5. Let l(j) = n*v(j) + 3*z(j). Let p(o) = o. Let f be p(1). What is l(f)?
-1
Let i = 2 - -9. Let r = i + -13. Let o(u) = u + 2*u**2 - 4*u**2 + 4 - 3. What is o(r)?
-9
Let s(c) be the first derivative of c**2 + 8*c + 1. Let m(x) = -16*x - 6. Let g be m(-1). Suppose -g*q - 72 = -2. Determine s(q).
-6
Let o(k) = 33*k - 7 + 2 - 34*k. Suppose 2*m = -1 - 5. Let g(w) = w**3 + 5*w**2 + 2*w - 7. Let a be g(m). Determine o(a).
-10
Let k = 1576 - 1582. Let f(y) = 3*y + 25. Calculate f(k).
7
Suppose 21 = -s + 3*r, 2*s + 0 + 7 = -r. Let j(z) = 2*z**3 - z**2 + 8*z - 14. Let f(x) = -x**3 + 2*x**2 - 8*x + 11. Let h(a) = 3*f(a) + 2*j(a). Determine h(s).
-19
Let a(k) = 3*k**3 - 13*k**2 - k - 9. Let w(s) = -2*s**3 + 9*s**2 + s + 6. Let p(z) = 5*a(z) + 7*w(z). What is p(2)?
1
Let a(u) = -u**3 - 3*u**2 + 4*u + 5. Let h be a(-4). Let y(n) = h*n + 10 - n - 10. Determine y(-1).
-4
Let m(q) = q**2 + q - 5. Let f(a) = a**2 + 11*a - 21. Let h be f(-13). Let d be (-1)/(-4) - (37/4 - h). Give m(d).
7
Suppose 0 = -j + 10 - 7. Let p(g) = -3*g**2 - 2 - 834*g**3 + 833*g**3 + 5*g**2. Determine p(j).
-11
Let o(i) = i**2 - 8*i - 18. Let f be o(10). Let h(b) = -3*b**2 + b - 1. Let z(s) = 7*s**2 - s + 2. Let k(x) = -5*h(x) - 2*z(x). Calculate k(f).
-1
Let z(m) = 3 - 1 + 3*m + 0*m. Let n(y) = -9. Let w(b) = b. Let a(l) = n(l) + w(l). Let f be a(5). Calculate z(f).
-10
Let q = 2 - 4. Let g be q/4*(-56)/4. Let x(o) = -39*o**3 - 6*o - g*o**2 - o - 9 + 38*o**3. Calculate x(-6).
-3
Let h(y) be the second derivative of -y**4/12 - 11*y**2/2 + 5*y. Calculate h(0).
-11
Let a(m) = -3*m**3 - 5*m**2 + 9*m - 20. Let i(j) = -2*j**3 - 5*j**2 + 8*j - 20. Let f(w) = 3*a(w) - 4*i(w). Let o be f(5). Let r(p) = p + 10. Determine r(o).
5
Let t(q) = -q**3 - 9*q**2 + 22*q + 14. Suppose -10*v = -5*v - 3*k + 46, 3*v + 27 = 2*k. What is t(v)?
14
Let s(t) = t**3 - t**2 + 2*t - 2. Suppose -3*o - 2 = -8. Let k be s(o). Let m(r) = 2*r - 9. Give m(k).
3
Let a be (-1 - 4)*(-20)/50 - -1. Suppose g - 16 - 13 = -4*y, -y + 4*g = -a. Let n(p) = p**3 - 8*p**2 + 6*p - 8. Determine n(y).
-15
Let r(n) = -n**3 - 6*n**2 + n. Let y = 725 - 731. Give r(y).
-6
Let j be (-36)/15 + 2 + (-168)/(-20). Let i(l) = 7*l + 1. Give i(j).
57
Suppose 15*l - 10*l - 15 = 0. Let n(b) = -7*b**3 + 4 + 3*b**l - 6*b + 5*b**2 + 3*b**3 + 0. Calculate n(4).
-4
Let u(j) be the first derivative of -1/4*j**4 - 5*j + 3 - 5/3*j**3 + 3*j**2. Determine u(-6).
-5
Suppose -5*d - 17 = 13. Let p(r) = 6*r**3 + 2*r**2 + 5*r + 5. Let z(w) = w**3 - w**2 + 1. Let u(o) = -p(o) + 5*z(o). What is u(d)?
-6
Let l(c) = -c**2 + 6*c. Let o be l(0). Let u(v) = v - 2 + 6 + 0. Give u(o).
4
Let y(f) = 4*f + 375 + 374 + f**2 - 3*f - 748. Calculate y(5).
31
Suppose -2 + 27 = 5*l. Let v(y) = -11*y**2 + 5*y - 5. Let n(z) = 38*z**2 - 15*z + 15. Let d(b) = 2*n(b) + 7*v(b). Determine d(l).
-5
Let v = 0 + 1. Let n(g) = 5*g - v - 4*g + 0*g + 2*g. What is n(4)?
11
Let i(j) = j**3 - j**2 + 4. Let n(x) = -x**2 + x - 1. Let k(r) = i(r) + 4*n(r). Determine k(4).
0
Suppose 134 = 6*f - 10. Let j(l) = 13 - f + 11 + l. Let y(o) = o**2 - o + 3. Let a be y(0). Calculate j(a).
3
Let q = -740 - -739. Let k(l) be the first derivative of -4*l**3 + 1. What is k(q)?
-12
Let w(b) be the first derivative of b**5/60 + b**2/2 + 1. Let p(s) be the second derivative of w(s). Give p(2).
4
Let i(k) = k**2 + 7*k - 5. Suppose -90*o + 100 = -95*o. Let n(c) = -c**3 - 21*c**2 - 20*c - 8. Let f be n(o). Give i(f).
3
Let u(i) = i - 7. Let y(h) = h**2 - h - 1. Let j(f) = 6*f**2 - 4*f - 11. Let z(x) = j(x) - 5*y(x). Let b be z(-4). Give u(b).
-1
Suppose w - 3*n = -7*n - 49, 4*n = -2*w - 78. Let t = w + 35. Let h(p) = -p. Give h(t).
-6
Let k be (-84)/7 + 15 - -12. Let l(s) = -s**3 + 16*s**2 - 17*s + 15. Calculate l(k).
-15
Let u be (3 - (-2 + 0)) + -2. Let j(q) = -q - 5*q**2 + 4*q**2 + u*q + 1 + q. Give j(3).
1
Let h(d) = d + 14. Let q = 44 - 42. Suppose -2*f = -0*f + q*f. Give h(f).
14
Let d(z) be the third derivative of z**6/120 - z**5/10 - z**4/12 + 4*z